2*v + 222. List the prime factors of o.
53
Let t be 4/6*33/(-2). Let q = 24 + t. What are the prime factors of q?
13
Suppose 47 = f - 2*w, 0*w = -2*f - 2*w + 64. Let v = 74 - f. What are the prime factors of v?
37
Suppose 0 = 2*d - 48 + 8. What are the prime factors of d?
2, 5
Suppose -o + 16 = 3*b - 0*b, -64 = -4*o - 4*b. List the prime factors of o.
2
Suppose -2*d + 0*x - 2*x = 2, -5*x = 2*d + 5. List the prime factors of 21/6*(2 + d).
7
Suppose y - 4*y = -12. Let x(q) = -q**2 + 6*q + 5. Let b be x(6). Suppose -y*o - 4*a + 32 = 0, b*o + a - 39 = -3*a. What are the prime factors of o?
7
Suppose -2*b + 0*k + 30 = -2*k, 0 = 4*b + 5*k - 69. Suppose -2*f - 2*f - 4*v + b = 0, -2*f + v = -8. List the prime factors of f.
2
Suppose 3*d + 5*w = 416, -105 = -d - 5*w + 37. What are the prime factors of d?
137
Suppose -3*j + 6*j = 9. Suppose -j*b + 2*c = -148, -b + 4*c + 48 = 3*c. What are the prime factors of b?
2, 13
Let i(a) = -5*a + 3. Let d(x) = -21*x + 12. Let s(o) = 2*d(o) - 9*i(o). Let t be s(3). Let j = 16 - t. What are the prime factors of j?
2, 5
Suppose -5*k - 6 = -26. Suppose k*t + 8 = 2*t. Let l(z) = -z - 2. What are the prime factors of l(t)?
2
Suppose x = 5*x. Suppose 0 = 3*l - x*l - 27. What are the prime factors of l?
3
Let c(q) = -q + 8. Let b be c(7). Suppose -4*y + 20 = 0, -2*y - 5 + b = -2*t. What are the prime factors of t?
7
Let l = 2 - 0. Suppose -1 = -l*j + 3. Let w = j + 2. List the prime factors of w.
2
Let w = 249 - 581. List the prime factors of (-2)/(-8) - w/16.
3, 7
Let d(y) = y**3 + 4*y**2 + 3. Let o be d(-4). Let q(c) = c**o + 4 + 11 - 2. What are the prime factors of q(0)?
13
List the prime factors of (-4 - -6*1) + 40.
2, 3, 7
Let v(n) = -n**3 + 2*n**2 + 2*n - 1. Let p be v(2). Suppose -3 = -p*t + 3. Suppose -t - 3 = -o. What are the prime factors of o?
5
Suppose -206 = -2*w - 40. List the prime factors of w.
83
Let i = -76 + 129. List the prime factors of i.
53
Let x(v) = 17*v + 2. List the prime factors of x(2).
2, 3
Let s(q) = -q**3 + 11*q**2 - 5*q + 1. What are the prime factors of s(5)?
2, 3, 7
Let d = 11 + -10. What are the prime factors of (d + -10)/(0 - 1)?
3
Let a(y) = -y + 7*y + 3 - 4. Suppose 2*m = 1 + 3. List the prime factors of a(m).
11
List the prime factors of (214/7)/((-5)/(-35)).
2, 107
Let l = 4 - -6. Let k = l + -6. Suppose 3*y - 5*f - 4 = 0, -3*y - k*f + 2 = -11. What are the prime factors of y?
3
Let j = 4 - 3. What are the prime factors of -2 + -1 + (36 - j)?
2
Let l = 20 - 14. What are the prime factors of ((-3)/l - -1)*30?
3, 5
Let q = -30 - -57. List the prime factors of q.
3
What are the prime factors of (-3)/(-1) - (-76)/19?
7
List the prime factors of ((-9)/(-6))/(9/48).
2
What are the prime factors of (-468)/(-14) - (-27)/(-63)?
3, 11
Let q(x) = -7*x**3 - 4*x**2 - 2*x + 2. Suppose 7*d = 3*w + 3*d + 6, 5*w - 5*d + 10 = 0. List the prime factors of q(w).
2, 23
Let t(u) = -u + 5. Suppose -j + 2 = 1. Let o = j - 1. List the prime factors of t(o).
5
Suppose -12*t + 7*t + 1530 = 0. What are the prime factors of t?
2, 3, 17
Suppose 2*y + 3*l = -55, 0 = -4*y + 5*l - 91 - 30. Let q be y/(-4) + 3/(-12). List the prime factors of 2/(-2)*-1*q.
7
Suppose 0 = v + n - 5, 0 = -4*v + 7*n - 2*n + 47. Suppose 0 = -5*d - 15, v*t + 3*d - 21 = 3*t. Let j = t + -4. List the prime factors of j.
2
Let a(o) = 4 - 8*o**2 - 4*o + 9*o**2 + 0. List the prime factors of a(5).
3
Suppose g - 188 = -3*g. What are the prime factors of g?
47
Let a(d) = -d**2 - 11*d - 11. Suppose 3*h - h = -18. What are the prime factors of a(h)?
7
Suppose 6*g = -3*b + 2*g + 132, -2*g + 46 = b. Suppose 5*w + 5*m + b = 0, -2*w + 5 = -3*m - 4. Let z = 3 - w. What are the prime factors of z?
2, 3
Let r = 10 - 7. What are the prime factors of r?
3
Let f(t) = 11*t + 2. Let j be f(1). Suppose k - 3 = j. What are the prime factors of k?
2
Suppose 5 = 2*m - 3. Suppose 2*a - 3*a + 27 = -3*j, m*j - 4 = 0. List the prime factors of a.
2, 3, 5
Let z(n) = 3*n**2 - 10*n + 6. Let y(f) = 2*f**2 - 9*f + 5. Let j(l) = 4*y(l) - 3*z(l). Let s = -57 - -52. List the prime factors of j(s).
7
Let s(k) = -k**2 + 6*k. Let w = -3 - 1. Let u be w/8 - 11/(-2). List the prime factors of s(u).
5
Let d(b) = -b**2 + 5*b - 2. Let g be d(3). Suppose 2*i + 2 = 3*r + g, 3*r = 4*i - 10. What are the prime factors of r?
2
Let y be (402/(-12))/(2/(-4)). Let r = y - 46. What are the prime factors of r?
3, 7
Let f = 0 + 2. Suppose -s - 10 = -f*s. List the prime factors of s.
2, 5
Let r(p) = 5*p**2 + 2*p + 3. What are the prime factors of r(-2)?
19
Suppose -4*s + 3*r - 221 = 0, 6 + 49 = -s + r. Let w = 97 + s. What are the prime factors of w?
41
Let h = -15 - -55. Let f be (-29)/3*(2 + 1). Let t = h + f. What are the prime factors of t?
11
Suppose 10*d + 279 = 11*d. List the prime factors of d.
3, 31
Let m be (-2)/10 - 38/10. Let v = 8 + m. Suppose 0 = -2*w + v*w - 22. What are the prime factors of w?
11
Suppose 1 = -2*k - u + 6, 5*k - 2*u - 17 = 0. Suppose -4*a + 11 = 5*o, -a - k + 11 = 3*o. Suppose g - o = 4. List the prime factors of g.
7
Suppose -3*a + 2*o - 5*o = 6, -5*a + 5*o = 20. Let j(d) be the second derivative of -d**3/6 + 3*d**2/2 + 3*d. List the prime factors of j(a).
2, 3
Suppose -151 = -6*l + 11. What are the prime factors of l?
3
Let o(g) = g**3 - 5*g**2 - 6*g + 5. Suppose 0*i + 24 = 4*i. Let c be o(i). Suppose c*w + 3 = -u - 11, -u - 4 = 3*w. List the prime factors of u.
11
Suppose -c = 4*k - 107, 0 = -4*k + k - 2*c + 74. Suppose -77 - k = -5*y. List the prime factors of y.
3, 7
Suppose 0 = 4*o - 4*f + 6*f + 10, f - 7 = 2*o. Let r be 2/(-6) + (-2)/3. Let i = r - o. List the prime factors of i.
2
Let y be 3/(-6)*(-2 + -62). Let f = -21 + y. What are the prime factors of f?
11
Suppose -41 = -w + 5. What are the prime factors of w?
2, 23
Let f(s) = 15*s - 1. Suppose -2*y - 5 = 3*y. Let m be f(y). List the prime factors of (m/(-6))/(2/9).
2, 3
Suppose 3*h - 113 = -5*m, 0*h + 3*m - 123 = -3*h. List the prime factors of h.
2, 23
Let x(f) = -28*f**3 - f - 1. Let a(m) = 55*m**3 + 2*m + 2. Let p(v) = 2*a(v) + 5*x(v). List the prime factors of p(-1).
2, 3, 5
Let b(c) = 7*c**3 - 2*c**2 + 5*c + 1. Let x(n) = 3*n**3 - n**2 + 2*n. Let i(l) = -2*b(l) + 5*x(l). List the prime factors of i(2).
2
Suppose 4*r + 266 = 5*j, -193 = -4*j + r + 22. Suppose 4*y - 173 = -5*l, -j = 3*y - l - 179. List the prime factors of y.
2, 3, 7
Let g = -2 - -42. List the prime factors of g.
2, 5
Suppose 7*o = 2*o + 25, -107 = -4*m - 3*o. List the prime factors of m + (-2 - (2 - 2)).
3, 7
Let c be (-6)/(-2) + (34 - 5). Suppose 0 = -v - 3*v + c. List the prime factors of v.
2
Let b be (-1)/3*(-6 + -3). Suppose 12 = 4*a, a = -b*t - 0*a + 36. List the prime factors of t.
11
Let g = 37 - 4. What are the prime factors of g?
3, 11
Suppose -271 = -4*s + 157. What are the prime factors of s?
107
Let x(h) = h**2 + 6*h + 7. Let y = 12 + -17. Let k be x(y). Suppose -4*m - 3*s + 44 = 0, -3*s - s = -k*m + 22. List the prime factors of m.
11
Let w(z) = z**3 + 10*z**2 + 6*z + 1. Let p be w(-9). What are the prime factors of 2/7 - (-328)/p?
2, 3
Suppose -4*d = -3*r - 48, 2*d = -0*d + 3*r + 30. List the prime factors of d.
3
Suppose -r = r - 14. Let t = 6 - r. List the prime factors of (8 - 7) + t/(-1).
2
Suppose -15 = -o - 4*o. What are the prime factors of o*4 + 2 + -3?
11
Suppose r + 4*o + 0*o = 21, -5*r - 3*o = -37. Suppose -36 = -3*g + 4*x, 5 = r*x - 10. List the prime factors of g.
2
Suppose 4*s + 33 - 13 = 2*g, 4*g + s = 4. Suppose z - g*z - 23 = 0. Let f = z + 37. List the prime factors of f.
2, 7
Suppose 0*w = -5*w + 25. Let u = w + -1. List the prime factors of u.
2
Let o(p) be the first derivative of -p**4/4 - p**3 - 3*p**2/2 - 4*p - 7. List the prime factors of o(-3).
5
Suppose -2*u + 5*h + 38 = 0, -4*h - 50 = -4*u + 26. Let b = -13 + u. List the prime factors of b - (0 + -2 + 4).
2
Let n(i) = -i + 11. Let b = -22 + 31. Let y be n(b). Suppose 4*o + 3*q - 37 = y*q, 5*o - 62 = 4*q. List the prime factors of o.
2, 5
Suppose 3*x = u + u - 123, 5*x = 4*u - 245. List the prime factors of u.
2, 3, 5
Suppose 0*j + 4*j = 16. Let f = j + -3. Let x = f - -11. List the prime factors of x.
2, 3
Suppose 0*i = 2*i - 12. Suppose 0 = -2*y + 2*v + 8 + 10, -y = -4*v + i. What are the prime factors of y?
2, 7
Let k = -2 + 4. Su